).
-5
Let u(p) = 20*p - 38*p + 13*p + 11 - p**2. Calculate u(-8).
-13
Let v be ((-29)/(-2))/((-2)/4). Let x = v - -32. Let z(k) = x*k + k - 5*k + 4*k - 8. What is z(7)?
13
Let t(b) be the first derivative of 2*b**2 - b - 88. Suppose 0 = 5*z - k - 11, 2*z + 4*k + 8 = 4*z. Suppose -z*i + 4*i - 5*n = 3, -5*n = 5. What is t(i)?
-5
Let s(b) be the third derivative of -5*b**4/12 + 10*b**2. Let p(y) = y**3 + 33*y**2 + 30*y - 63. Let j be p(-32). Give s(j).
-10
Let n(i) = -9 + 16 - 11 - 3*i + i - 11. Calculate n(-8).
1
Let m(s) = s**2 + 2. Let j(n) be the second derivative of -n**2/2 + 3*n. Let p(z) = 2*z - 4. Let h(t) = -6*j(t) + p(t). Let q be h(-1). Calculate m(q).
2
Let l(i) be the third derivative of -1/360*i**6 - 12*i**2 + 1/12*i**4 - 1/60*i**5 + 0 - 1/6*i**3 + 0*i. Let y(z) be the first derivative of l(z). Give y(-3).
-1
Let a(j) = 13*j**3 + j**2 - 5*j - 5. Let y(r) = -r**3 - r - 1. Let k(l) = a(l) - 6*y(l). Let o = -14 + 13. Calculate k(o).
-18
Let p(u) = u - 3. Suppose 3*n + n + 4*m = -48, 4*m + 20 = 0. Let d(s) = s**2 + 7*s - 3. Let k be d(n). What is p(k)?
-6
Let x(o) = o**3 - 6*o**2 - o + 1. Suppose 30*p - 30 = 24*p. Calculate x(p).
-29
Let x = -354 + 360. Let f(q) = 2*q - 13. What is f(x)?
-1
Let h(q) = -q**2 - 4*q + 1. Let v(d) = 0*d - 3*d - 2 + 2*d. Let z = -17 - -17. Let x be v(z). Determine h(x).
5
Let f = 1158 - 1164. Let g(x) = -3*x + 5. Give g(f).
23
Let j(k) = 5*k**3 - 13*k**2 + 7*k + 9. Let w(f) = -13*f**3 + 36*f**2 - 20*f - 26. Let h(v) = 8*j(v) + 3*w(v). Give h(-4).
10
Let i(h) = -16*h**2. Let m be -7*(1 - (-8)/(-7))/1. Suppose 2*w - m = w. What is i(w)?
-16
Let x = 22 - 21. Let i(q) = -1 - x + 2 - q - 4. Suppose -2*y + 5*y - 4 = 4*g, g - 5*y - 16 = 0. Calculate i(g).
0
Let b(i) = 9*i**2 - 1. Suppose c + 26 = 5*f, 0 = -3*c + c - 2*f + 8. Calculate b(c).
8
Let g(f) = -f - 11. Let u be g(-13). Suppose 3*v = u*v - 5*i - 11, -2*i + 4 = v. Suppose -2*a + 6 = v. Let t(r) = r. What is t(a)?
-4
Let d(f) = f + 45*f**2 - 14 - 22*f**2 + 17 - 22*f**2. Calculate d(5).
33
Let s(f) = -7*f + f**2 - f**3 + 50 - 51 + 8*f**3. Let n(d) = -3*d**3 - d**2 + 3*d + 1. Let z(k) = 9*n(k) + 4*s(k). What is z(5)?
0
Let l(j) = 9*j**3 - 2*j**2 + 4*j - 1. Let v(z) = 4*z**3 + 2*z - 1. Let c(d) = -3*l(d) + 7*v(d). Determine c(-4).
20
Let l(j) = -4*j + 10. Let f be (111 + -119)*(-2)/2*1. Give l(f).
-22
Let a(v) = v**3 - 7*v**2 - 9*v + 4. Let o be ((-9)/(45/(-2)))/((-3)/(-60)). Determine a(o).
-4
Let z(n) be the second derivative of n**4/12 + 3*n**3/2 - 5*n**2 - 162*n. What is z(-9)?
-10
Suppose 5*a + 2*o = a, 5*o = 3*a. Let f(m) = -m**3 + 9*m**2 - 6*m - 6. Let h be f(8). Suppose x - h + 15 = a. Let d(b) = -b**2 - 5*b - 2. Determine d(x).
-2
Let h(d) = -d**2 + 4*d - 4. Let a(j) = -j**3 - 8*j**2 - 7*j + 4. Let i be a(-7). Suppose -i*g + 9*g = 20. What is h(g)?
-4
Let x(n) = n**3 - n. Let o = 91 - 92. What is x(o)?
0
Let r(c) = -2*c**2 + 13*c - 11. Suppose 4*h + 1271 - 1295 = 0. Give r(h).
-5
Let x(i) = 40*i**3 - 15*i**3 - 15*i**3 - 9*i**3 + 3 - 2*i - 3*i**2. Suppose 19 = 3*n - 5. Suppose -v - 3*v = -n. Calculate x(v).
-5
Let l(d) = -6 + 9*d - 2 - 7*d**2 + 11*d**3 - 12*d**3 - 10*d + 0. Suppose 0 = 7*i - 3*i + 28. Calculate l(i).
-1
Let k be 435/(-165) + (-44)/121. Let y(q) be the third derivative of q**6/120 + q**5/12 + q**4/6 - q**2. Give y(k).
6
Let a = -1428 + 1424. Let z(h) = -h**2 + 2*h + 17. Calculate z(a).
-7
Let f(q) = 5*q**2 - 371*q + 365*q - 4*q**2 - 4. Calculate f(4).
-12
Let x(y) = y - 18 + 60 - 63. Give x(17).
-4
Let c(a) = a**3 + 4*a**2 - a - 1. Let w(r) = -r**2 + 1. Let b be (-2)/(-5) + 6/10. Let o(y) = b*c(y) - 3*w(y). Let z be 2 - (0/2 - -9). What is o(z)?
3
Let p(i) = 4*i**2 - 3*i**2 - 163*i + 0*i**2 + 153*i. What is p(10)?
0
Let w(h) = h**3 - 7*h**2 + 6*h + 5. Suppose 5*n - 32 - 13 = -4*z, 0 = -3*n + 15. Give w(z).
-15
Suppose -2*u + 26 = 2*m, 2*m + u - 92 = -61. Let w(b) = 4*b + 1. Let q be w(6). Let i = q - m. Let o(c) = -c**2 + 8*c - 9. Calculate o(i).
-2
Let w = 406 - 417. Let x(o) = -2*o - 8. What is x(w)?
14
Let k(l) be the third derivative of -l**6/20 + l**5/60 - l**4/24 - 74*l**2. What is k(1)?
-6
Let y(m) be the third derivative of -m**4/24 + m**3/6 + 82*m**2. Give y(2).
-1
Let w(i) = 2*i**3 + 12*i**2 + 11*i + 10. Let g be w(-5). Let c(q) = -2*q + 12. Give c(g).
2
Let u(l) = -3*l - 15. Let q(y) = 7*y + 31. Let d(f) = -2*q(f) - 5*u(f). Suppose -g = -0*z + z - 4, -4*z = -4*g - 16. Determine d(g).
13
Let c(f) = -5*f + 1. Let z(r) = 94*r - 36*r - 35*r - 27*r. Let d(s) = 2*c(s) - 3*z(s). Give d(-5).
-8
Let y = 2 + -32. Let k = y - -30. Let p(z) = z**2 + 3*z + z - 2*z - 4 + k. Calculate p(3).
11
Let f(l) = -6*l**3 + 2*l**2 + 2*l + 1. Let g(m) = -2*m**2 - 2. Let u be g(-3). Let y = 21 + u. Let d be -1 + 2 - (1 + y). Give f(d).
7
Let g = 464 - 470. Let p(v) = v**2 + 9*v + 8. What is p(g)?
-10
Let l(b) = -3*b**3 + b**2 - 2*b + 1. Suppose -2 = 5*c - 22. Suppose 1 = c*p - 3. What is l(p)?
-3
Let w(q) = -12*q + 0*q + 11*q - 8. Let p(s) = -s - 7. Let c(a) = -3*p(a) + 4*w(a). Suppose v + 4*v + 40 = 0. Determine c(v).
-3
Let s(r) = -r**3 + 5*r**2 - 9. Suppose 6 = -3*d, 5*z - d - 10 - 12 = 0. Determine s(z).
7
Let v be (-10)/2*-6*8/120. Suppose -66 = v*g + 9*g. Let u(w) = -w**2 - 7*w - 7. Give u(g).
-1
Let n = 927 + -918. Let k(c) be the third derivative of c**4/24 + c**3/3 - c**2. Calculate k(n).
11
Let d(c) = c**2 - 3*c - 1. Let j be d(3). Let z be (-2 - j) + 15/(-15). Let l(g) = -g**3 - 4*g**2 - 4*g - 2. Give l(z).
-2
Suppose -4*v = -2*o - 30, -10*v + 15*v - 3*o = 37. Let g(m) = -m**2 + 12*m - 3. Determine g(v).
29
Let d(t) = -4*t + 4*t - 1286*t**2 + 643*t**2 + 642*t**2. Determine d(0).
0
Let g(p) be the second derivative of -p**4/12 - p**3/3 + 5*p**2 - 8*p. Let t(k) be the first derivative of g(k). Let l = 1 + -3. What is t(l)?
2
Suppose 11*i - 28 = 18*i. Let z(l) = 3*l - 1. Let q(g) = 4*g. Let n(d) = 5*q(d) - 6*z(d). Calculate n(i).
-2
Suppose 4*h + 2*m = 22, 4*m - 23 = -5*h + 12. Suppose 2*i = -5*j - 2*i - 2, h*i + 19 = 5*j. Suppose 0 = -j*z + 3*z + 3. Let r(b) = -b - 4. Give r(z).
-1
Let n(a) be the third derivative of a**4/8 + a**3/3 - a**2 + 16*a. What is n(-4)?
-10
Let z(c) = 2*c**3 + 3 - 4*c**2 - 4*c**3 + c**3 + c. Suppose 950 = -157*r + 152*r. Let k = -193 - r. Give z(k).
-9
Let q(d) = -7*d**2 + 5*d + 7. Let z(i) = -i**3 + i**2 + i - 1. Let r(o) = q(o) + z(o). What is r(-7)?
13
Let j(x) = 2*x - 6 + 2*x + 0*x - 2*x. Let m be j(4). Let c(y) = -2*y - 4*y**3 + 0*y**2 - 3*y**m - 13 + 3*y**3 + 14. Calculate c(-2).
1
Suppose -3*j - 10 = 2*j. Let v(b) = 5*b**2 + 7*b. Let p(t) = -14*t**2 - 20*t. Let c(h) = -4*p(h) - 11*v(h). Determine c(j).
-2
Let g(p) = p - 4. Let o(r) = r - 9. Suppose 5*b - 3*s + 28 = 11, 2*b + 7 = s. Let w(q) = b*o(q) + 9*g(q). Calculate w(-2).
-10
Let q(p) = -p - 8. Let v be 2*-14*2/(-8). Suppose v = 5*j - 4*j. Suppose 2*n - 8 = z, 0 = -j*z + 2*z + 5*n - 20. Give q(z).
-8
Suppose -3*t + 2*d = -43 - 9, -2*t + 48 = 2*d. Let u(m) = -2*m**2 + 4 + m**3 + 15*m - t*m - 1. Calculate u(3).
-3
Suppose -6 = 9*b - 12*b. Let d(h) = -9*h**b - 2 + 4*h + 23*h**2 - 8*h**2 - 4*h**2. Calculate d(-4).
14
Suppose w - 9 = u, -5*u + 3 = 5*w - 2. Suppose a + w*j + 2 = 3*a, 0 = 5*a + j - 32. Let p(d) = d**2 - 2 - 1 - 4*d + 0*d**2. Give p(a).
9
Let i(s) = 3*s**3 - 2*s**2 + 2*s - 1. Let t be i(1). Suppose -4*n + 2*r + 42 = 0, t*r = -5*n + 4*r + 54. Suppose 7*o - 5*o = n. Let b(f) = -f + 4. What is b(o)?
-2
Let s be (-4 + 16)*3/(-9). Let b(x) = x**3 + 3*x**2 - 2*x + 4. Calculate b(s).
-4
Let w(i) be the first derivative of i + 3/2*i**2 + 6. Suppose 3*v + 4*h = 10, 0 = 5*v + 3*h - 4 + 2. Calculate w(v).
-5
Suppose 112 = -7*n + 15*n. Let k(q) = q**3 - 13*q**2 - 13*q - 12. Determine k(n).
2
Let w(v) = -v**3 - v**2 + 1. Suppose -9*f = -14*f - 5. Let i(g) = -5*g**3 - 14*g**2 - g + 9. Let c(j) = f*i(j) + 6*w(j). What is c(8)?
5
Let w(m) be the third derivative of m**6/120 - m**5/30 - m**4/8 + m**3/2 + 9*m**2. Let u(k) = -k. Let r be u(-2). Calculate w(r).
-3
Let m be 4/(-8)*-4 + -3. Let t(g) = 25*g + 1. Let c(w) = -20*w - 1. Let q(p) = -4*c(p) - 3*t(p). Determine q(m).
-4
Suppose 4*r = -3*c - 2*c + 15, -13 = -2*r + 3*c. Let j = r + -5. Let o(b) = 17*b - 16*b + 0 + 0 - 2. Determine o(j).
-2
Let n(q) = q**2 - 7*q + 3. Suppose 21 - 3 = 3*x. Let o be x - (2*-3)/